{"id":496,"date":"2020-09-15T10:28:14","date_gmt":"2020-09-15T10:28:14","guid":{"rendered":"http:\/\/fremitec.ind.br\/?page_id=496"},"modified":"2023-04-10T11:26:44","modified_gmt":"2023-04-10T14:26:44","slug":"products","status":"publish","type":"page","link":"https:\/\/fremitec.ind.br\/?page_id=496","title":{"rendered":"operacional"},"content":{"rendered":"\n<div class=\"wp-block-uagb-container uagb-block-9716d1f4 alignfull uagb-is-root-container\"><div class=\"uagb-container-inner-blocks-wrap\">\n<div class=\"wp-block-uagb-advanced-heading uagb-block-ad458ff1\"><h1 class=\"uagb-heading-text\">capacidade operacional<\/h1><\/div>\n<\/div><\/div>\n\n\n\n<div class=\"wp-block-uagb-container uagb-block-64ed90f8 alignfull uagb-is-root-container\"><div class=\"uagb-container-inner-blocks-wrap\">\n<div class=\"wp-block-uagb-container uagb-block-1c91788c\">\n<div class=\"wp-block-uagb-advanced-heading uagb-block-1e745274\"><h5 class=\"uagb-heading-text\">Solu\u00e7\u00f5es otimizadas com capacidade t\u00e9cnica aplicada<\/h5><\/div>\n\n\n\n<div class=\"wp-block-uagb-advanced-heading uagb-block-4c15908d\"><h2 class=\"uagb-heading-text\">Sua empresa precisa? N\u00f3s desenvolvemos e entregamos.<\/h2><p class=\"uagb-desc-text\">Estamos comprometidos para oferecer os melhores servi\u00e7os para os mercados automotivo, de m\u00e1quinas agr\u00edcola, industrial e outros de forma sustent\u00e1vel. A Fremitec tem como responsabilidade fabricar pe\u00e7as e equipamentos de qualidade, mediante desenhos elaborados por seus clientes. Para isso a empresa utiliza tecnologia e alto n\u00edvel de servi\u00e7os, garantindo o cumprimento das produ\u00e7\u00f5es e satisfa\u00e7\u00e3o dos clientes. Contamos, tamb\u00e9m, com servi\u00e7os de Soldas, Dobras de Chapas, Caldeiraria e Venda de Oxicorte<\/p><\/div>\n<\/div>\n\n\n\n<div class=\"wp-block-uagb-container uagb-block-323893cb\">\n<div class=\"wp-block-uagb-image uagb-block-59a70fa4 wp-block-uagb-image--layout-default wp-block-uagb-image--effect-static wp-block-uagb-image--align-none\"><figure class=\"wp-block-uagb-image__figure\"><img loading=\"lazy\" decoding=\"async\" srcset=\"https:\/\/fremitec.ind.br\/wp-content\/uploads\/2020\/09\/product.jpg , https:\/\/fremitec.ind.br\/wp-content\/uploads\/2020\/09\/product.jpg 360w\" src=\"https:\/\/fremitec.ind.br\/wp-content\/uploads\/2020\/09\/product.jpg\" alt=\"\" class=\"uag-image-37\" width=\"295\" height=\"503\" title=\"\" loading=\"lazy\"\/><\/figure><\/div>\n<\/div>\n\n\n\n<div class=\"wp-block-uagb-container uagb-block-a7573a56\">\n<div class=\"wp-block-uagb-image uagb-block-94d1dd4a wp-block-uagb-image--layout-default wp-block-uagb-image--effect-static wp-block-uagb-image--align-none\"><figure class=\"wp-block-uagb-image__figure\"><img loading=\"lazy\" decoding=\"async\" srcset=\"https:\/\/fremitec.ind.br\/wp-content\/uploads\/2020\/09\/img-05-free-img-1.jpg , https:\/\/fremitec.ind.br\/wp-content\/uploads\/2020\/09\/img-05-free-img-1.jpg 360w\" src=\"https:\/\/fremitec.ind.br\/wp-content\/uploads\/2020\/09\/img-05-free-img-1.jpg\" alt=\"\" class=\"uag-image-35\" width=\"295\" height=\"503\" title=\"\" loading=\"lazy\"\/><\/figure><\/div>\n<\/div>\n<\/div><\/div>\n\n\n\n<div class=\"wp-block-uagb-container uagb-block-bffcc008 alignfull uagb-is-root-container\"><div class=\"uagb-container-inner-blocks-wrap\">\n<div class=\"wp-block-uagb-advanced-heading uagb-block-b9ecae52\"><h5 class=\"uagb-heading-text\">Nossos Maquin\u00e1rios<\/h5><\/div>\n\n\n\n<div class=\"wp-block-uagb-advanced-heading uagb-block-8c49a5ca\"><h2 class=\"uagb-heading-text\">Melhoramento Tecnol\u00f3gico Constante!<\/h2><\/div>\n<\/div><\/div>\n\n\n\n<div class=\"wp-block-uagb-container uagb-block-f757c506 alignfull uagb-is-root-container\"><div class=\"uagb-container-inner-blocks-wrap\">\n<div class=\"wp-block-uagb-container uagb-block-1ad20c26\">\n<div class=\"wp-block-uagb-info-box uagb-block-c0ed811b uagb-infobox__content-wrap  uagb-infobox-icon-above-title uagb-infobox-image-valign-top\"><div class=\"uagb-ifb-content\"><div class=\"uagb-ifb-title-wrap\"><div class=\"uagb-ifb-separator\"><\/div><h4 class=\"uagb-ifb-title\"><strong>CENTRO VERTICAL DOOSAN DNM400<\/strong><br><br><strong>CENTRO VERTICAL SINITRON VMC1500<\/strong><br><br><strong>CENTRO VERTICAL FEELER VMP30A<\/strong><br><br><strong>CENTRO HORIZONTAL WOTAN RAPID O<\/strong><br><br><strong>TORNO VERTICAL DOOSAN V400 &nbsp; &nbsp;<\/strong><br><br><strong>M\u00c1QUINA DE CORTE PLASMA CNC OXIPIRA<\/strong><\/h4><\/div><\/div><\/div>\n<\/div>\n\n\n\n<div class=\"wp-block-uagb-container uagb-block-b395dd28\">\n<div class=\"wp-block-uagb-info-box uagb-block-8ffa1d2f uagb-infobox__content-wrap  uagb-infobox-icon-above-title uagb-infobox-image-valign-top\"><div class=\"uagb-ifb-content\"><div class=\"uagb-ifb-title-wrap\"><div class=\"uagb-ifb-separator\"><\/div><h4 class=\"uagb-ifb-title\"><strong>TORNO ROMI G280<\/strong>&nbsp;<br><br><strong>TORNO LOGIC 350&nbsp;&nbsp;&nbsp;&nbsp; &nbsp; &nbsp;&nbsp;<\/strong><br><br><strong>TORNO IH40A &nbsp;<\/strong>&nbsp;&nbsp; &nbsp; &nbsp; &nbsp; &nbsp; &nbsp; &nbsp; &nbsp;&nbsp;&nbsp;<br><br><strong>MANDRILHADORA WOTAN B75<\/strong><\/h4><\/div><\/div><\/div>\n<\/div>\n\n\n\n<div class=\"wp-block-uagb-container uagb-block-0d3171c5\"><\/div>\n<\/div><\/div>\n\n\n\n<div class=\"wp-block-uagb-container uagb-block-f4675f0f alignfull uagb-is-root-container\"><div class=\"uagb-container-inner-blocks-wrap\">\n<div class=\"wp-block-uagb-container uagb-block-9986593b\">\n<div class=\"wp-block-uagb-advanced-heading uagb-block-b1891361\"><h3 class=\"uagb-heading-text\">Fale com nossa equipe comercial e solicite um atendimento especializado<\/h3><\/div>\n<\/div>\n\n\n\n<div class=\"wp-block-uagb-container uagb-block-057106f2\">\n<div class=\"wp-block-uagb-buttons uagb-buttons__outer-wrap uagb-btn__default-btn uagb-btn-tablet__default-btn uagb-btn-mobile__default-btn uagb-block-520f8c26\"><div class=\"uagb-buttons__wrap uagb-buttons-layout-wrap\">\n<div class=\"wp-block-uagb-buttons-child uagb-buttons__outer-wrap uagb-block-c16df3cb wp-block-button\"><div class=\"uagb-button__wrapper\"><a class=\"uagb-buttons-repeater wp-block-button__link has-background has-text-color\" href=\"https:\/\/api.whatsapp.com\/send?phone=5519982420056\" onclick=\"return true;\" rel=\"follow noopener\" target=\"_self\"><div class=\"uagb-button__link\">Atendimento Online<\/div><\/a><\/div><\/div>\n<\/div><\/div>\n<\/div>\n<\/div><\/div>\n\n\n\n<div class=\"wp-block-uagb-container uagb-block-606cc46b alignfull uagb-is-root-container\"><div class=\"uagb-container-inner-blocks-wrap\">\n<div class=\"wp-block-uagb-advanced-heading uagb-block-d0aafb73\"><h1 class=\"uagb-heading-text\">certifica\u00e7\u00f5es<\/h1><\/div>\n<\/div><\/div>\n\n\n\n<div class=\"wp-block-uagb-container uagb-block-0954ceaf alignfull uagb-is-root-container\"><div class=\"uagb-container-inner-blocks-wrap\">\n<div class=\"wp-block-uagb-container uagb-block-3fd81a5a\">\n<h2 class=\"wp-block-heading\">ISO 9001<\/h2>\n\n\n\n<p>A Fremitec possui Certifica\u00e7\u00e3o ISO 9001 e est\u00e1 em conformidade com as normas de padroniza\u00e7\u00e3o e rastreabilidade exigidas.<\/p>\n<\/div>\n\n\n\n<div class=\"wp-block-uagb-buttons uagb-buttons__outer-wrap uagb-btn__default-btn uagb-btn-tablet__default-btn uagb-btn-mobile__default-btn uagb-block-31c9e89a\"><div class=\"uagb-buttons__wrap uagb-buttons-layout-wrap\">\n<div class=\"wp-block-uagb-buttons-child uagb-buttons__outer-wrap uagb-block-1b3099a4 wp-block-button is-style-outline\"><div class=\"uagb-button__wrapper\"><a class=\"uagb-buttons-repeater wp-block-button__link\" href=\"http:\/\/fremitec.ind.br\/wp-content\/uploads\/2023\/04\/Cert-ISO-9001-2015_10.03.2021.pdf\" onclick=\"return true;\" rel=\"follow noopener\" target=\"_self\"><div class=\"uagb-button__link\">Download<br>d<\/div><\/a><\/div><\/div>\n<\/div><\/div>\n\n\n\n<div class=\"wp-block-uagb-container uagb-block-d3ba522b\">\n<div class=\"wp-block-uagb-image aligncenter uagb-block-7c78b7aa wp-block-uagb-image--layout-default wp-block-uagb-image--effect-static wp-block-uagb-image--align-center\"><figure class=\"wp-block-uagb-image__figure\"><img loading=\"lazy\" decoding=\"async\" srcset=\"https:\/\/fremitec.ind.br\/wp-content\/uploads\/2023\/03\/832_iso_9001_logo.png \" src=\"https:\/\/fremitec.ind.br\/wp-content\/uploads\/2023\/03\/832_iso_9001_logo.png\" alt=\"\" class=\"uag-image-600\" width=\"250\" height=\"250\" title=\"\" loading=\"lazy\"\/><\/figure><\/div>\n<\/div>\n<\/div><\/div>\n\n\n\n<div class=\"wp-block-uagb-image uagb-block-7ed840a3 wp-block-uagb-image--layout-default wp-block-uagb-image--effect-static wp-block-uagb-image--align-none\"><figure class=\"wp-block-uagb-image__figure\"><img loading=\"lazy\" decoding=\"async\" srcset=\"https:\/\/fremitec.ind.br\/wp-content\/uploads\/2022\/11\/Bg693846giC66BUjsH03-1024x539.jpeg \" src=\"https:\/\/fremitec.ind.br\/wp-content\/uploads\/2022\/11\/Bg693846giC66BUjsH03-1024x539.jpeg\" alt=\"\" class=\"uag-image-560\" width=\"1180\" height=\"621\" title=\"\" loading=\"lazy\"\/><\/figure><\/div>\n\n\n\n<div class=\"wp-block-uagb-container uagb-block-b0dc6870 alignfull uagb-is-root-container\"><div class=\"uagb-container-inner-blocks-wrap\"><\/div><\/div>\n","protected":false},"excerpt":{"rendered":"<p>capacidade operacional Solu\u00e7\u00f5es otimizadas com capacidade t\u00e9cnica aplicada Sua empresa precisa? N\u00f3s desenvolvemos e entregamos. Estamos comprometidos para oferecer os melhores servi\u00e7os para os mercados automotivo, de m\u00e1quinas agr\u00edcola, industrial e outros de forma sustent\u00e1vel. A Fremitec tem como responsabilidade fabricar pe\u00e7as e equipamentos de qualidade, mediante desenhos elaborados por seus clientes. Para isso a [&hellip;]<\/p>\n","protected":false},"author":1,"featured_media":0,"parent":0,"menu_order":0,"comment_status":"closed","ping_status":"closed","template":"","meta":{"_uag_custom_page_level_css":"","site-sidebar-layout":"no-sidebar","site-content-layout":"plain-container","ast-site-content-layout":"default","site-content-style":"default","site-sidebar-style":"default","ast-global-header-display":"","ast-banner-title-visibility":"","ast-main-header-display":"","ast-hfb-above-header-display":"","ast-hfb-below-header-display":"","ast-hfb-mobile-header-display":"","site-post-title":"disabled","ast-breadcrumbs-content":"","ast-featured-img":"disabled","footer-sml-layout":"","theme-transparent-header-meta":"enabled","adv-header-id-meta":"","stick-header-meta":"","header-above-stick-meta":"","header-main-stick-meta":"","header-below-stick-meta":"","astra-migrate-meta-layouts":"default","ast-page-background-enabled":"default","ast-page-background-meta":{"desktop":{"background-color":"","background-image":"","background-repeat":"repeat","background-position":"center center","background-size":"auto","background-attachment":"scroll","background-type":"","background-media":"","overlay-type":"","overlay-color":"","overlay-opacity":"","overlay-gradient":""},"tablet":{"background-color":"","background-image":"","background-repeat":"repeat","background-position":"center center","background-size":"auto","background-attachment":"scroll","background-type":"","background-media":"","overlay-type":"","overlay-color":"","overlay-opacity":"","overlay-gradient":""},"mobile":{"background-color":"","background-image":"","background-repeat":"repeat","background-position":"center center","background-size":"auto","background-attachment":"scroll","background-type":"","background-media":"","overlay-type":"","overlay-color":"","overlay-opacity":"","overlay-gradient":""}},"ast-content-background-meta":{"desktop":{"background-color":"var(--ast-global-color-5)","background-image":"","background-repeat":"repeat","background-position":"center center","background-size":"auto","background-attachment":"scroll","background-type":"","background-media":"","overlay-type":"","overlay-color":"","overlay-opacity":"","overlay-gradient":""},"tablet":{"background-color":"var(--ast-global-color-5)","background-image":"","background-repeat":"repeat","background-position":"center center","background-size":"auto","background-attachment":"scroll","background-type":"","background-media":"","overlay-type":"","overlay-color":"","overlay-opacity":"","overlay-gradient":""},"mobile":{"background-color":"var(--ast-global-color-5)","background-image":"","background-repeat":"repeat","background-position":"center center","background-size":"auto","background-attachment":"scroll","background-type":"","background-media":"","overlay-type":"","overlay-color":"","overlay-opacity":"","overlay-gradient":""}},"footnotes":""},"class_list":["post-496","page","type-page","status-publish","hentry"],"uagb_featured_image_src":{"full":false,"thumbnail":false,"medium":false,"medium_large":false,"large":false,"1536x1536":false,"2048x2048":false},"uagb_author_info":{"display_name":"Fremitec1","author_link":"https:\/\/fremitec.ind.br\/?author=1"},"uagb_comment_info":0,"uagb_excerpt":"capacidade operacional Solu\u00e7\u00f5es otimizadas com capacidade t\u00e9cnica aplicada Sua empresa precisa? N\u00f3s desenvolvemos e entregamos. Estamos comprometidos para oferecer os melhores servi\u00e7os para os mercados automotivo, de m\u00e1quinas agr\u00edcola, industrial e outros de forma sustent\u00e1vel. A Fremitec tem como responsabilidade fabricar pe\u00e7as e equipamentos de qualidade, mediante desenhos elaborados por seus clientes. Para isso a&hellip;","_links":{"self":[{"href":"https:\/\/fremitec.ind.br\/index.php?rest_route=\/wp\/v2\/pages\/496","targetHints":{"allow":["GET"]}}],"collection":[{"href":"https:\/\/fremitec.ind.br\/index.php?rest_route=\/wp\/v2\/pages"}],"about":[{"href":"https:\/\/fremitec.ind.br\/index.php?rest_route=\/wp\/v2\/types\/page"}],"author":[{"embeddable":true,"href":"https:\/\/fremitec.ind.br\/index.php?rest_route=\/wp\/v2\/users\/1"}],"replies":[{"embeddable":true,"href":"https:\/\/fremitec.ind.br\/index.php?rest_route=%2Fwp%2Fv2%2Fcomments&post=496"}],"version-history":[{"count":10,"href":"https:\/\/fremitec.ind.br\/index.php?rest_route=\/wp\/v2\/pages\/496\/revisions"}],"predecessor-version":[{"id":621,"href":"https:\/\/fremitec.ind.br\/index.php?rest_route=\/wp\/v2\/pages\/496\/revisions\/621"}],"wp:attachment":[{"href":"https:\/\/fremitec.ind.br\/index.php?rest_route=%2Fwp%2Fv2%2Fmedia&parent=496"}],"curies":[{"name":"wp","href":"https:\/\/api.w.org\/{rel}","templated":true}]}}